{"id":79,"date":"2021-10-06T08:34:27","date_gmt":"2021-10-06T08:34:27","guid":{"rendered":"http:\/\/www.pa-dent.pl\/?page_id=79"},"modified":"2021-10-06T08:34:27","modified_gmt":"2021-10-06T08:34:27","slug":"godziny-przyjec","status":"publish","type":"page","link":"https:\/\/www.pa-dent.pl\/index.php\/godziny-przyjec\/","title":{"rendered":"Godziny przyj\u0119\u0107"},"content":{"rendered":"\n\t\t<p><span style=\"color: #000000; font-weight: bold;\">lek. dent. Sylwia Patro<\/span><\/p>\n<table border=\"0\" cellspacing=\"0\" cellpadding=\"0\" align=\"center\">\n<tbody>\n<tr bgcolor=\"#BD125E\">\n<td style=\"font-size: 13px; color: #ffffff; text-align: center; width: 250px;\"><strong>PONIEDZIA\u0141EK<\/strong><\/td>\n<td style=\"font-size: 13px; color: #ffffff; text-align: center; width: 250px;\"><strong>WTOREK<\/strong><\/td>\n<td style=\"font-size: 13px; color: #ffffff; text-align: center; width: 250px;\"><strong>\u015aRODA<\/strong><\/td>\n<td style=\"font-size: 13px; color: #ffffff; text-align: center; width: 250px;\"><strong>CZWARTEK<\/strong><\/td>\n<td style=\"font-size: 13px; color: #ffffff; text-align: center; width: 250px;\"><strong>PI\u0104TEK<\/strong><\/td>\n<\/tr>\n<tr bgcolor=\"#ffe6f1\">\n<td style=\"font-size: 12px; text-align: center;\">12:00-18:00<br>\nNFZ<\/td>\n<td style=\"font-size: 12px; text-align: center;\" nowrap=\"nowrap\">8:00- 11:00<br>\nNFZ<\/td>\n<td style=\"font-size: 12px; text-align: center;\">12:00-18:00<br>\nNFZ<\/td>\n<td style=\"font-size: 12px; text-align: center;\">8:00-12:00<br>\nPRYWATNIE<\/td>\n<td style=\"font-size: 12px; text-align: center;\">8:00- 14:00<br>\nNFZ<\/td>\n<\/tr>\n<tr bgcolor=\"#ffcce2\">\n<td style=\"font-size: 12px; text-align: center;\">18:00-19:00<br>\nPRYWATNIE<\/td>\n<td style=\"font-size: 12px; text-align: center;\">11:00-13:00<br>\nPRYWATNIE<\/td>\n<td style=\"font-size: 12px; text-align: center;\">18:00-19:00<br>\nPRYWATNIE<\/td>\n<td style=\"font-size: 12px; text-align: center;\">12:00-13:00<br>\nNFZ<\/td>\n<td style=\"font-size: 12px; text-align: center;\">14:00-15:00<br>\nPRYWATNIE<\/td>\n<\/tr>\n<\/tbody>\n<\/table>\n<p>&nbsp;<\/p>\n<h1>lek. dent. Ewa Antoszkiewicz<\/h1>\n<table border=\"0\" cellspacing=\"0\" cellpadding=\"0\" align=\"center\">\n<tbody>\n<tr bgcolor=\"#BD125E\">\n<td style=\"font-size: 13px; color: #ffffff; text-align: center; width: 250px;\"><strong>PONIEDZIA\u0141EK<\/strong><\/td>\n<td style=\"font-size: 13px; color: #ffffff; text-align: center; width: 250px;\"><strong>WTOREK<\/strong><\/td>\n<td style=\"font-size: 13px; color: #ffffff; text-align: center; width: 250px;\"><strong>\u015aRODA<\/strong><\/td>\n<td style=\"font-size: 13px; color: #ffffff; text-align: center; width: 250px;\"><strong>CZWARTEK<\/strong><\/td>\n<td style=\"font-size: 13px; color: #ffffff; text-align: center; width: 250px;\"><strong>PI\u0104TEK<\/strong><\/td>\n<\/tr>\n<tr bgcolor=\"#ffe6f1\">\n<td style=\"font-size: 12px; text-align: center;\">&nbsp;<\/td>\n<td style=\"font-size: 12px; text-align: center;\" nowrap=\"nowrap\">11:00- 14:00<br>\nNFZ<\/td>\n<td style=\"font-size: 12px; text-align: center;\">&nbsp;<\/td>\n<td style=\"font-size: 12px; text-align: center;\">10:00-13:00<br>\nPRYWATNIE<\/td>\n<td style=\"font-size: 12px; text-align: center;\">&nbsp;<\/td>\n<\/tr>\n<tr bgcolor=\"#ffcce2\">\n<td style=\"font-size: 12px; text-align: center;\">&nbsp;<\/td>\n<td style=\"font-size: 12px; text-align: center;\">14:00-18:00 PRYWATNIE<\/td>\n<td style=\"font-size: 12px; text-align: center;\">&nbsp;<\/td>\n<td style=\"font-size: 12px; text-align: center;\">13:00-18:00<br>\nNFZ<\/td>\n<td style=\"font-size: 12px; text-align: center;\">&nbsp;<\/td>\n<\/tr>\n<\/tbody>\n<\/table>\n","protected":false},"excerpt":{"rendered":"<p>lek. dent. Sylwia Patro PONIEDZIA\u0141EK WTOREK \u015aRODA CZWARTEK PI\u0104TEK 12:00-18:00 NFZ 8:00- 11:00 NFZ 12:00-18:00 NFZ 8:00-12:00 PRYWATNIE 8:00- 14:00 NFZ 18:00-19:00 PRYWATNIE 11:00-13:00 PRYWATNIE 18:00-19:00 PRYWATNIE 12:00-13:00 NFZ 14:00-15:00 PRYWATNIE &nbsp; lek. dent. Ewa Antoszkiewicz PONIEDZIA\u0141EK WTOREK \u015aRODA CZWARTEK &hellip; <a href=\"https:\/\/www.pa-dent.pl\/index.php\/godziny-przyjec\/\">Czytaj dalej <span class=\"meta-nav\">&rarr;<\/span><\/a><\/p>\n","protected":false},"author":1,"featured_media":0,"parent":0,"menu_order":0,"comment_status":"closed","ping_status":"closed","template":"","meta":[],"_links":{"self":[{"href":"https:\/\/www.pa-dent.pl\/index.php\/wp-json\/wp\/v2\/pages\/79"}],"collection":[{"href":"https:\/\/www.pa-dent.pl\/index.php\/wp-json\/wp\/v2\/pages"}],"about":[{"href":"https:\/\/www.pa-dent.pl\/index.php\/wp-json\/wp\/v2\/types\/page"}],"author":[{"embeddable":true,"href":"https:\/\/www.pa-dent.pl\/index.php\/wp-json\/wp\/v2\/users\/1"}],"replies":[{"embeddable":true,"href":"https:\/\/www.pa-dent.pl\/index.php\/wp-json\/wp\/v2\/comments?post=79"}],"version-history":[{"count":1,"href":"https:\/\/www.pa-dent.pl\/index.php\/wp-json\/wp\/v2\/pages\/79\/revisions"}],"predecessor-version":[{"id":80,"href":"https:\/\/www.pa-dent.pl\/index.php\/wp-json\/wp\/v2\/pages\/79\/revisions\/80"}],"wp:attachment":[{"href":"https:\/\/www.pa-dent.pl\/index.php\/wp-json\/wp\/v2\/media?parent=79"}],"curies":[{"name":"wp","href":"https:\/\/api.w.org\/{rel}","templated":true}]}}